{"id":47,"date":"2025-05-20T17:03:51","date_gmt":"2025-05-20T15:03:51","guid":{"rendered":"https:\/\/www.multiphysics.se\/?page_id=47"},"modified":"2025-06-02T09:30:46","modified_gmt":"2025-06-02T07:30:46","slug":"cv-patrik-stromsten","status":"publish","type":"page","link":"https:\/\/www.multiphysics.se\/?page_id=47","title":{"rendered":"CV Patrik Str\u00f6msten"},"content":{"rendered":"\n<div class=\"wp-block-group alignfull has-accent-3-background-color has-background is-vertical is-content-justification-stretch is-layout-flex wp-container-core-group-is-layout-12 wp-block-group-is-layout-flex\" style=\"min-height:100vh;margin-top:0;margin-bottom:0;padding-top:var(--wp--preset--spacing--60);padding-right:var(--wp--preset--spacing--50);padding-bottom:var(--wp--preset--spacing--60);padding-left:var(--wp--preset--spacing--50)\">\n<hr class=\"wp-block-separator has-alpha-channel-opacity is-style-wide\"\/>\n\n\n\n<div class=\"wp-block-group has-global-padding is-content-justification-left is-layout-constrained wp-container-core-group-is-layout-1 wp-block-group-is-layout-constrained\">\n<p><strong>Kontaktuppgifter<\/strong><br>Patrik Str\u00f6msten<br>0704 921602<br>www.multiphysics.se<br><a href=\"mailto:Patrik.stromsten@multiphysics.se\">patrik.stromsten@multiphysics.se<\/a><\/p>\n<\/div>\n\n\n\n<hr class=\"wp-block-separator has-alpha-channel-opacity is-style-wide\"\/>\n\n\n\n<div class=\"wp-block-group has-global-padding is-content-justification-left is-layout-constrained wp-container-core-group-is-layout-2 wp-block-group-is-layout-constrained\">\n<p class=\"has-text-align-left has-medium-font-size\"><em><strong>Patrik Str\u00f6msten, <\/strong><\/em><br><em><strong>operativ erfaren teknisk fysiker inom<\/strong><\/em><br><em><strong>Teknikutveckling och Produktutveckling,<\/strong><\/em><br><br><strong><em>som ledare eller specialist,<\/em><br><em>med f\u00f6rm\u00e5ga att framg\u00e5ngsrikt \u00f6ka motivation och engagemang hos medarbetare,<\/em><br><em>och d\u00e4rigenom gruppens resultat,<\/em><br><em>med ett marknadsorienterat syns\u00e4tt<\/em>.<\/strong><\/p>\n\n\n\n<p class=\"has-text-align-left\">Patrik har f\u00f6rm\u00e5ga och verktyg f\u00f6r att operativt l\u00f6sa konkreta utmaningar och teknikfr\u00e5gor, med en unik f\u00f6rm\u00e5ga att utveckla id\u00e9er, patent och andra funderingar.<\/p>\n\n\n\n<p class=\"has-text-align-left\">Har erfarenhet fr\u00e5n startups och \u00e4r medgrundare till bolaget Odinwell. &#8211;<em>Det k\u00e4ndes fint att under 2024, efter n\u00e5gra \u00e5r f\u00e5 l\u00e4mna \u00f6ver n\u00e5got bra till en ny ledning. F\u00f6ljer nu bolaget vidare med titel \u201dsenior avisor\u201d.<\/em><\/p>\n\n\n\n<p class=\"has-text-align-left\">Patrik utvecklar patent och innovativa fungerande tekniska l\u00f6sningar och har under 2024 avslutat patentarbete av en innovation som p\u00e5 ett nytt s\u00e4tt transformerar en temperaturskillnad till elenergi.<\/p>\n\n\n\n<p>Anv\u00e4nder AI &#8211; utvecklar just nu en integrerad koppling mellan AI och ber\u00e4kningsverktyg f\u00f6r att kunna erbjuda verktyg och metoder i framkant, givetvis i en s\u00e4ker IT-milj\u00f6. <\/p>\n\n\n\n<p class=\"has-text-align-left\">Det finns nu m\u00f6jlighet till ytterligare uppdrag och samarbeten. <\/p>\n\n\n\n<p class=\"has-text-align-left\">Samarbeten kan handla om patent, innovationer, nya aff\u00e4rsomr\u00e5den, nya bolag eller n\u00e5got annat.<\/p>\n\n\n\n<p class=\"has-medium-font-size\"><strong>&#8211; <em>S\u00e5 om du har n\u00e5got sp\u00e4nnande p\u00e5 g\u00e5ng, eller bara vill bolla en id\u00e9, h\u00f6r g\u00e4rna av dig.<\/em><\/strong><\/p>\n\n\n\n<p class=\"has-text-align-left\"><em><strong>Du n\u00e5r Patrik snabbast p\u00e5 mobil och sms, 0704 921602<\/strong><\/em><\/p>\n<\/div>\n\n\n\n<hr class=\"wp-block-separator has-alpha-channel-opacity is-style-wide\"\/>\n\n\n\n<div class=\"wp-block-group has-global-padding is-content-justification-left is-layout-constrained wp-container-core-group-is-layout-3 wp-block-group-is-layout-constrained\">\n<p class=\"has-large-font-size\"><strong>Lite mer konkret,\u2026<\/strong><\/p>\n\n\n\n<p>I uppdrag anv\u00e4nds framg\u00e5ngsrikt tekniska ber\u00e4kningar med verktyg COMSOL-Multiphysics tillsammans med CAD-verktyg Solid Works.<\/p>\n\n\n\n<figure class=\"wp-block-image size-full is-resized\"><img loading=\"lazy\" decoding=\"async\" width=\"454\" height=\"290\" src=\"https:\/\/www.multiphysics.se\/wp-content\/uploads\/2025\/05\/CV-Patrik-Stromsten_Web_image004-1.jpg\" alt=\"\" class=\"wp-image-86\" style=\"width:500px;height:auto\" srcset=\"https:\/\/www.multiphysics.se\/wp-content\/uploads\/2025\/05\/CV-Patrik-Stromsten_Web_image004-1.jpg 454w, https:\/\/www.multiphysics.se\/wp-content\/uploads\/2025\/05\/CV-Patrik-Stromsten_Web_image004-1-300x192.jpg 300w\" sizes=\"(max-width: 454px) 100vw, 454px\" \/><figcaption class=\"wp-element-caption\">Figur &#8211; Kunskap inom multifysik &#8211; med licenser COMSOL Multiphysics &#8211; <a href=\"http:\/\/www.comsol.com\">www.comsol.com<\/a>.<\/figcaption><\/figure>\n\n\n\n<p>COMSOL Compiler erbjuder kompilerade modeller att distribuera till medarbetare och kunder som tekniskt st\u00f6d f\u00f6r beslut.<\/p>\n\n\n\n<p>Patrik har utvecklat 1000-tals olika modeller.<\/p>\n\n\n\n<figure class=\"wp-block-image size-large is-resized\"><img loading=\"lazy\" decoding=\"async\" width=\"1024\" height=\"624\" src=\"https:\/\/www.multiphysics.se\/wp-content\/uploads\/2025\/05\/CV-Patrik-Stromsten_Web_image006-1-1024x624.png\" alt=\"\" class=\"wp-image-87\" style=\"width:500px\" srcset=\"https:\/\/www.multiphysics.se\/wp-content\/uploads\/2025\/05\/CV-Patrik-Stromsten_Web_image006-1-1024x624.png 1024w, https:\/\/www.multiphysics.se\/wp-content\/uploads\/2025\/05\/CV-Patrik-Stromsten_Web_image006-1-300x183.png 300w, https:\/\/www.multiphysics.se\/wp-content\/uploads\/2025\/05\/CV-Patrik-Stromsten_Web_image006-1-768x468.png 768w, https:\/\/www.multiphysics.se\/wp-content\/uploads\/2025\/05\/CV-Patrik-Stromsten_Web_image006-1-1536x936.png 1536w, https:\/\/www.multiphysics.se\/wp-content\/uploads\/2025\/05\/CV-Patrik-Stromsten_Web_image006-1-2048x1249.png 2048w\" sizes=\"(max-width: 1024px) 100vw, 1024px\" \/><figcaption class=\"wp-element-caption\"><em>Figur &#8211; COMSOL Multiphysics -modell med fysik CFD + Heat transfer som illustrerar temperaturf\u00f6rdelning<\/em>ar av patents\u00f6kt <em>innovation<\/em>.<\/figcaption><\/figure>\n\n\n\n<p>&#8211; <em>Varje modell har sin charm och \u00f6nskem\u00e5l kring behov \u2013 h\u00f6r g\u00e4rna av dig s\u00e5 bollar vi dina behov.<\/em><\/p>\n<\/div>\n\n\n\n<hr class=\"wp-block-separator has-alpha-channel-opacity is-style-wide\"\/>\n\n\n\n<div class=\"wp-block-group has-global-padding is-content-justification-left is-layout-constrained wp-container-core-group-is-layout-4 wp-block-group-is-layout-constrained\">\n<p class=\"has-medium-font-size\"><strong>Examen och ort<\/strong><\/p>\n\n\n\n<p class=\"has-medium-font-size\">Patrik har examen fr\u00e5n Chalmers G\u00f6teborg, Civilingenj\u00f6r Teknisk fysik.<\/p>\n\n\n\n<p>Kontor ligger i M\u00f6lnlycke mellan Landvetter flygplats och G\u00f6teborg. Som oberoende teknisk konsult har ett stort antal projekt levererats, i en m\u00e4ngd olika sammanhang.<\/p>\n<\/div>\n\n\n\n<div class=\"wp-block-group has-global-padding is-content-justification-left is-layout-constrained wp-container-core-group-is-layout-5 wp-block-group-is-layout-constrained\">\n<p><strong>Patent<\/strong><\/p>\n\n\n\n<p>Patrik har en unik f\u00f6rm\u00e5ga att skapa innovativa fungerande l\u00f6sningar. Utvecklar patent, och har under 2024 avslutat patentarbete av en innovation som p\u00e5 ett nytt s\u00e4tt transformerar en temperaturskillnad till elenergi, baserat p\u00e5 en ny smart geometri och termodynamikens lagar. Just nu p\u00e5g\u00e5r utveckling och tillverkning av prototyper.<\/p>\n<\/div>\n\n\n\n<hr class=\"wp-block-separator has-alpha-channel-opacity is-style-wide\"\/>\n\n\n\n<div class=\"wp-block-group has-global-padding is-content-justification-left is-layout-constrained wp-container-core-group-is-layout-6 wp-block-group-is-layout-constrained\">\n<p><strong>Multiphysics MPCS AB<\/strong><\/p>\n\n\n\n<p>Patrik \u00e4r grundare och \u00e4gare till bolaget Multiphysics MPCS AB och bedriver som anst\u00e4lld i detta bolag konsultarbete.<\/p>\n\n\n\n<ul class=\"wp-block-list\">\n<li>Certifierad konsult COMSOL Multiphysics, utvecklar fysikaliska modeller inom all fysik, har licenser (ca 20 moduler). H\u00f6r av dig s\u00e5 utg\u00e5r vi fr\u00e5n dina behov.<\/li>\n\n\n\n<li>CAD Solid works, har licens.<\/li>\n\n\n\n<li>Utvecklar innovationer och skriver patent (ej i rollen som patentombud).<\/li>\n\n\n\n<li>Hanterar \u00e4ven matematik, mjukvara, elektronik och mekanik.<\/li>\n<\/ul>\n\n\n\n<figure class=\"wp-block-image size-full is-resized\"><img loading=\"lazy\" decoding=\"async\" width=\"529\" height=\"200\" src=\"https:\/\/www.multiphysics.se\/wp-content\/uploads\/2025\/05\/CV-Patrik-Stromsten_Web_image009-1.jpg\" alt=\"\" class=\"wp-image-88\" style=\"width:500px\" srcset=\"https:\/\/www.multiphysics.se\/wp-content\/uploads\/2025\/05\/CV-Patrik-Stromsten_Web_image009-1.jpg 529w, https:\/\/www.multiphysics.se\/wp-content\/uploads\/2025\/05\/CV-Patrik-Stromsten_Web_image009-1-300x113.jpg 300w\" sizes=\"(max-width: 529px) 100vw, 529px\" \/><figcaption class=\"wp-element-caption\"><em><a href=\"http:\/\/www.multiphysics.se\">www.multiphysics.se<\/a><\/em><\/figcaption><\/figure>\n<\/div>\n\n\n\n<hr class=\"wp-block-separator has-alpha-channel-opacity is-style-wide\"\/>\n\n\n\n<div class=\"wp-block-group has-global-padding is-content-justification-left is-layout-constrained wp-container-core-group-is-layout-7 wp-block-group-is-layout-constrained\">\n<p><strong>Startup Odinwell<\/strong><\/p>\n\n\n\n<p>Patrik \u00e4r medgrundare och mindre del\u00e4gare till bolaget Odinwell AB, noterat p\u00e5 Spotlight Sweden. Bolaget utvecklar en medicinteknisk produkt baserad p\u00e5 fiberoptisk m\u00e4tteknik. &nbsp;Patrik arbetade d\u00e4r som CTO under tre \u00e5r tom mars 2024. <br><br>Ut\u00f6ver rollen som CTO  utvecklade Patrik av patent, systemarkitektur och annat operativt utvecklingsarbete. Han \u00e4r idag \u201dsenior avisor\u201d och ledamot i Odinwells valberedning, som har till uppgift att inf\u00f6r bolagsst\u00e4mma  nominerar ledam\u00f6ter till bolagets styrelse.<\/p>\n\n\n\n<figure class=\"wp-block-image size-full is-resized\"><img loading=\"lazy\" decoding=\"async\" width=\"465\" height=\"317\" src=\"https:\/\/www.multiphysics.se\/wp-content\/uploads\/2025\/05\/CV-Patrik-Stromsten_Web_image011.jpg\" alt=\"\" class=\"wp-image-89\" style=\"width:500px\" srcset=\"https:\/\/www.multiphysics.se\/wp-content\/uploads\/2025\/05\/CV-Patrik-Stromsten_Web_image011.jpg 465w, https:\/\/www.multiphysics.se\/wp-content\/uploads\/2025\/05\/CV-Patrik-Stromsten_Web_image011-300x205.jpg 300w\" sizes=\"(max-width: 465px) 100vw, 465px\" \/><figcaption class=\"wp-element-caption\"><em><a href=\"http:\/\/www.odinwell.com\">www.odinwell.com<\/a><\/em><\/figcaption><\/figure>\n<\/div>\n\n\n\n<hr class=\"wp-block-separator has-alpha-channel-opacity is-style-wide\"\/>\n\n\n\n<div class=\"wp-block-group has-global-padding is-content-justification-left is-layout-constrained wp-container-core-group-is-layout-8 wp-block-group-is-layout-constrained\">\n<p><strong>3D-Printing \u00b5m-skala &#8211; upNano (2PP)<\/strong><\/p>\n\n\n\n<p>Patrik har en unik erfarenhet av 3D-printning med teknologin 2PP fr\u00e5n bolaget UpNano, med geometrier fr\u00e5n sub-mikrometer till mm-skala (upp till 100 mm). Framg\u00e5ngsrikt kan dina behov matchas med tekniska ber\u00e4kningar, (www.comsol.se) och generering av komplexa geometrier. Multiphysics erbjuder \u00e4ven tillverkningskapacitet.<\/p>\n\n\n\n<figure class=\"wp-block-image size-full is-resized\"><img loading=\"lazy\" decoding=\"async\" width=\"317\" height=\"249\" src=\"https:\/\/www.multiphysics.se\/wp-content\/uploads\/2025\/05\/CV-Patrik-Stromsten_Web_image013.jpg\" alt=\"\" class=\"wp-image-74\" style=\"width:500px\" srcset=\"https:\/\/www.multiphysics.se\/wp-content\/uploads\/2025\/05\/CV-Patrik-Stromsten_Web_image013.jpg 317w, https:\/\/www.multiphysics.se\/wp-content\/uploads\/2025\/05\/CV-Patrik-Stromsten_Web_image013-300x236.jpg 300w\" sizes=\"(max-width: 317px) 100vw, 317px\" \/><figcaption class=\"wp-element-caption\"><em>Figur &#8211; optisk komponent utvecklad av Patrik &#8211; publicerad av <a href=\"http:\/\/www.upNano.com\">www.upNano.com<\/a>.<\/em><\/figcaption><\/figure>\n\n\n\n<p>&#8211; <em>Tekniken (2PP) erbjuder fantastiska m\u00f6jligheter. Tillsammans med tekniska ber\u00e4kningar, generering av geometrier, tillverkning och validering s\u00e5 erbjuds olika startup-paket.<\/em><\/p>\n\n\n\n<p><em> &#8211; h\u00f6r g\u00e4rna av dig, s\u00e5 bollar vi dina id<\/em>\u00e9er.<\/p>\n<\/div>\n\n\n\n<hr class=\"wp-block-separator has-alpha-channel-opacity is-style-wide\"\/>\n\n\n\n<div class=\"wp-block-group has-global-padding is-content-justification-left is-layout-constrained wp-container-core-group-is-layout-9 wp-block-group-is-layout-constrained\">\n<p><strong>Startup dotcat AB<\/strong><\/p>\n\n\n\n<p>Patrik \u00e4r medgrundare och del\u00e4gare till bolaget dotcat AB som omstrukturerades i b\u00f6rjan av 2025 med ny verksamhet. Bolaget utvecklar tillsammans med ytterligare tre medgrundare ett koncept som skapar f\u00f6rtroende mellan best\u00e4llare och entrepren\u00f6rer, baserat p\u00e5 b\u00e5de tj\u00e4nst och produkt (AI, App och serverl\u00f6sningar).<\/p>\n<\/div>\n\n\n\n<hr class=\"wp-block-separator has-alpha-channel-opacity is-style-wide\"\/>\n\n\n\n<div class=\"wp-block-group has-global-padding is-content-justification-left is-layout-constrained wp-container-core-group-is-layout-10 wp-block-group-is-layout-constrained\">\n<p><strong>Lite privat<\/strong><\/p>\n\n\n\n<p>Lite kort&#8230;<em> &#8211; Umg\u00e5s g\u00e4rna med hustru, tre utflugna barn och v\u00e4nner. Bor i en \u00e4ldre villa mitt i M\u00f6lnlycke. K\u00f6r ibland en sv\u00e4ng med husbilen tillsammans med hustru.<\/em><\/p>\n\n\n\n<p>\u00c4r grundare och \u00e4gare till bolaget Latronix systems AB, som i en separat fastighet hyr ut studentrum till yngre Chalmerister och blivande ingenj\u00f6rer, d\u00e4r hans roll \u00e4r en mix mellan fastighets\u00e4gare, mentor och vaktm\u00e4stare. Verksamheten \u00e4r synlig p\u00e5 Facebook under \u201dM\u00f6lnlycke studenthus\u201d.<\/p>\n<\/div>\n\n\n\n<hr class=\"wp-block-separator has-alpha-channel-opacity is-style-wide\"\/>\n\n\n\n<div class=\"wp-block-group has-global-padding is-content-justification-left is-layout-constrained wp-container-core-group-is-layout-11 wp-block-group-is-layout-constrained\">\n<p><strong>Kontaktuppgifter<\/strong><br>Patrik Str\u00f6msten<br>0704 921602<br>www.multiphysics.se<br><a href=\"mailto:Patrik.stromsten@multiphysics.se\">patrik.stromsten@multiphysics.se<\/a><\/p>\n<\/div>\n\n\n\n<hr class=\"wp-block-separator has-alpha-channel-opacity is-style-wide\"\/>\n<\/div>\n\n\n\n<p><\/p>\n","protected":false},"excerpt":{"rendered":"<p>KontaktuppgifterPatrik Str\u00f6msten0704 921602www.multiphysics.sepatrik.stromsten@multiphysics.se Patrik Str\u00f6msten, operativ erfaren teknisk fysiker inomTeknikutveckling och Produktutveckling, som ledare eller specialist,med f\u00f6rm\u00e5ga att framg\u00e5ngsrikt \u00f6ka motivation och engagemang hos medarbetare,och d\u00e4rigenom gruppens resultat,med ett marknadsorienterat syns\u00e4tt. Patrik har f\u00f6rm\u00e5ga och verktyg f\u00f6r att operativt l\u00f6sa konkreta utmaningar och teknikfr\u00e5gor, med en unik f\u00f6rm\u00e5ga att utveckla id\u00e9er, patent och andra funderingar. [&hellip;]<\/p>\n","protected":false},"author":1,"featured_media":0,"parent":0,"menu_order":0,"comment_status":"closed","ping_status":"closed","template":"","meta":{"_monsterinsights_skip_tracking":false,"_monsterinsights_sitenote_active":false,"_monsterinsights_sitenote_note":"","_monsterinsights_sitenote_category":0,"footnotes":""},"class_list":["post-47","page","type-page","status-publish","hentry"],"yoast_head":"<!-- This site is optimized with the Yoast SEO plugin v23.4 - https:\/\/yoast.com\/wordpress\/plugins\/seo\/ -->\n<title>CV Patrik Str\u00f6msten - Multiphysics<\/title>\n<meta name=\"robots\" content=\"index, follow, max-snippet:-1, max-image-preview:large, max-video-preview:-1\" \/>\n<link rel=\"canonical\" href=\"https:\/\/www.multiphysics.se\/?page_id=47\" \/>\n<meta property=\"og:locale\" content=\"en_US\" \/>\n<meta property=\"og:type\" content=\"article\" \/>\n<meta property=\"og:title\" content=\"CV Patrik Str\u00f6msten - Multiphysics\" \/>\n<meta property=\"og:description\" content=\"KontaktuppgifterPatrik Str\u00f6msten0704 921602www.multiphysics.sepatrik.stromsten@multiphysics.se Patrik Str\u00f6msten, operativ erfaren teknisk fysiker inomTeknikutveckling och Produktutveckling, som ledare eller specialist,med f\u00f6rm\u00e5ga att framg\u00e5ngsrikt \u00f6ka motivation och engagemang hos medarbetare,och d\u00e4rigenom gruppens resultat,med ett marknadsorienterat syns\u00e4tt. Patrik har f\u00f6rm\u00e5ga och verktyg f\u00f6r att operativt l\u00f6sa konkreta utmaningar och teknikfr\u00e5gor, med en unik f\u00f6rm\u00e5ga att utveckla id\u00e9er, patent och andra funderingar. [&hellip;]\" \/>\n<meta property=\"og:url\" content=\"https:\/\/www.multiphysics.se\/?page_id=47\" \/>\n<meta property=\"og:site_name\" content=\"Multiphysics\" \/>\n<meta property=\"article:modified_time\" content=\"2025-06-02T07:30:46+00:00\" \/>\n<meta property=\"og:image\" content=\"https:\/\/www.multiphysics.se\/wp-content\/uploads\/2025\/05\/CV-Patrik-Stromsten_Web_image004-1.jpg\" \/>\n<meta name=\"twitter:card\" content=\"summary_large_image\" \/>\n<meta name=\"twitter:label1\" content=\"Est. reading time\" \/>\n\t<meta name=\"twitter:data1\" content=\"5 minutes\" \/>\n<script type=\"application\/ld+json\" class=\"yoast-schema-graph\">{\"@context\":\"https:\/\/schema.org\",\"@graph\":[{\"@type\":\"WebPage\",\"@id\":\"https:\/\/www.multiphysics.se\/?page_id=47\",\"url\":\"https:\/\/www.multiphysics.se\/?page_id=47\",\"name\":\"CV Patrik Str\u00f6msten - Multiphysics\",\"isPartOf\":{\"@id\":\"https:\/\/www.multiphysics.se\/#website\"},\"primaryImageOfPage\":{\"@id\":\"https:\/\/www.multiphysics.se\/?page_id=47#primaryimage\"},\"image\":{\"@id\":\"https:\/\/www.multiphysics.se\/?page_id=47#primaryimage\"},\"thumbnailUrl\":\"https:\/\/www.multiphysics.se\/wp-content\/uploads\/2025\/05\/CV-Patrik-Stromsten_Web_image004-1.jpg\",\"datePublished\":\"2025-05-20T15:03:51+00:00\",\"dateModified\":\"2025-06-02T07:30:46+00:00\",\"breadcrumb\":{\"@id\":\"https:\/\/www.multiphysics.se\/?page_id=47#breadcrumb\"},\"inLanguage\":\"en-US\",\"potentialAction\":[{\"@type\":\"ReadAction\",\"target\":[\"https:\/\/www.multiphysics.se\/?page_id=47\"]}]},{\"@type\":\"ImageObject\",\"inLanguage\":\"en-US\",\"@id\":\"https:\/\/www.multiphysics.se\/?page_id=47#primaryimage\",\"url\":\"https:\/\/www.multiphysics.se\/wp-content\/uploads\/2025\/05\/CV-Patrik-Stromsten_Web_image004-1.jpg\",\"contentUrl\":\"https:\/\/www.multiphysics.se\/wp-content\/uploads\/2025\/05\/CV-Patrik-Stromsten_Web_image004-1.jpg\",\"width\":454,\"height\":290},{\"@type\":\"BreadcrumbList\",\"@id\":\"https:\/\/www.multiphysics.se\/?page_id=47#breadcrumb\",\"itemListElement\":[{\"@type\":\"ListItem\",\"position\":1,\"name\":\"Home\",\"item\":\"https:\/\/www.multiphysics.se\/\"},{\"@type\":\"ListItem\",\"position\":2,\"name\":\"CV Patrik Str\u00f6msten\"}]},{\"@type\":\"WebSite\",\"@id\":\"https:\/\/www.multiphysics.se\/#website\",\"url\":\"https:\/\/www.multiphysics.se\/\",\"name\":\"Multiphysics\",\"description\":\"\",\"publisher\":{\"@id\":\"https:\/\/www.multiphysics.se\/#organization\"},\"potentialAction\":[{\"@type\":\"SearchAction\",\"target\":{\"@type\":\"EntryPoint\",\"urlTemplate\":\"https:\/\/www.multiphysics.se\/?s={search_term_string}\"},\"query-input\":{\"@type\":\"PropertyValueSpecification\",\"valueRequired\":true,\"valueName\":\"search_term_string\"}}],\"inLanguage\":\"en-US\"},{\"@type\":\"Organization\",\"@id\":\"https:\/\/www.multiphysics.se\/#organization\",\"name\":\"Multiphysics\",\"url\":\"https:\/\/www.multiphysics.se\/\",\"logo\":{\"@type\":\"ImageObject\",\"inLanguage\":\"en-US\",\"@id\":\"https:\/\/www.multiphysics.se\/#\/schema\/logo\/image\/\",\"url\":\"https:\/\/www.multiphysics.se\/wp-content\/uploads\/2024\/09\/MultiPhysiCS_logga.png\",\"contentUrl\":\"https:\/\/www.multiphysics.se\/wp-content\/uploads\/2024\/09\/MultiPhysiCS_logga.png\",\"width\":1761,\"height\":434,\"caption\":\"Multiphysics\"},\"image\":{\"@id\":\"https:\/\/www.multiphysics.se\/#\/schema\/logo\/image\/\"}}]}<\/script>\n<!-- \/ Yoast SEO plugin. -->","yoast_head_json":{"title":"CV Patrik Str\u00f6msten - Multiphysics","robots":{"index":"index","follow":"follow","max-snippet":"max-snippet:-1","max-image-preview":"max-image-preview:large","max-video-preview":"max-video-preview:-1"},"canonical":"https:\/\/www.multiphysics.se\/?page_id=47","og_locale":"en_US","og_type":"article","og_title":"CV Patrik Str\u00f6msten - Multiphysics","og_description":"KontaktuppgifterPatrik Str\u00f6msten0704 921602www.multiphysics.sepatrik.stromsten@multiphysics.se Patrik Str\u00f6msten, operativ erfaren teknisk fysiker inomTeknikutveckling och Produktutveckling, som ledare eller specialist,med f\u00f6rm\u00e5ga att framg\u00e5ngsrikt \u00f6ka motivation och engagemang hos medarbetare,och d\u00e4rigenom gruppens resultat,med ett marknadsorienterat syns\u00e4tt. Patrik har f\u00f6rm\u00e5ga och verktyg f\u00f6r att operativt l\u00f6sa konkreta utmaningar och teknikfr\u00e5gor, med en unik f\u00f6rm\u00e5ga att utveckla id\u00e9er, patent och andra funderingar. [&hellip;]","og_url":"https:\/\/www.multiphysics.se\/?page_id=47","og_site_name":"Multiphysics","article_modified_time":"2025-06-02T07:30:46+00:00","og_image":[{"url":"https:\/\/www.multiphysics.se\/wp-content\/uploads\/2025\/05\/CV-Patrik-Stromsten_Web_image004-1.jpg"}],"twitter_card":"summary_large_image","twitter_misc":{"Est. reading time":"5 minutes"},"schema":{"@context":"https:\/\/schema.org","@graph":[{"@type":"WebPage","@id":"https:\/\/www.multiphysics.se\/?page_id=47","url":"https:\/\/www.multiphysics.se\/?page_id=47","name":"CV Patrik Str\u00f6msten - Multiphysics","isPartOf":{"@id":"https:\/\/www.multiphysics.se\/#website"},"primaryImageOfPage":{"@id":"https:\/\/www.multiphysics.se\/?page_id=47#primaryimage"},"image":{"@id":"https:\/\/www.multiphysics.se\/?page_id=47#primaryimage"},"thumbnailUrl":"https:\/\/www.multiphysics.se\/wp-content\/uploads\/2025\/05\/CV-Patrik-Stromsten_Web_image004-1.jpg","datePublished":"2025-05-20T15:03:51+00:00","dateModified":"2025-06-02T07:30:46+00:00","breadcrumb":{"@id":"https:\/\/www.multiphysics.se\/?page_id=47#breadcrumb"},"inLanguage":"en-US","potentialAction":[{"@type":"ReadAction","target":["https:\/\/www.multiphysics.se\/?page_id=47"]}]},{"@type":"ImageObject","inLanguage":"en-US","@id":"https:\/\/www.multiphysics.se\/?page_id=47#primaryimage","url":"https:\/\/www.multiphysics.se\/wp-content\/uploads\/2025\/05\/CV-Patrik-Stromsten_Web_image004-1.jpg","contentUrl":"https:\/\/www.multiphysics.se\/wp-content\/uploads\/2025\/05\/CV-Patrik-Stromsten_Web_image004-1.jpg","width":454,"height":290},{"@type":"BreadcrumbList","@id":"https:\/\/www.multiphysics.se\/?page_id=47#breadcrumb","itemListElement":[{"@type":"ListItem","position":1,"name":"Home","item":"https:\/\/www.multiphysics.se\/"},{"@type":"ListItem","position":2,"name":"CV Patrik Str\u00f6msten"}]},{"@type":"WebSite","@id":"https:\/\/www.multiphysics.se\/#website","url":"https:\/\/www.multiphysics.se\/","name":"Multiphysics","description":"","publisher":{"@id":"https:\/\/www.multiphysics.se\/#organization"},"potentialAction":[{"@type":"SearchAction","target":{"@type":"EntryPoint","urlTemplate":"https:\/\/www.multiphysics.se\/?s={search_term_string}"},"query-input":{"@type":"PropertyValueSpecification","valueRequired":true,"valueName":"search_term_string"}}],"inLanguage":"en-US"},{"@type":"Organization","@id":"https:\/\/www.multiphysics.se\/#organization","name":"Multiphysics","url":"https:\/\/www.multiphysics.se\/","logo":{"@type":"ImageObject","inLanguage":"en-US","@id":"https:\/\/www.multiphysics.se\/#\/schema\/logo\/image\/","url":"https:\/\/www.multiphysics.se\/wp-content\/uploads\/2024\/09\/MultiPhysiCS_logga.png","contentUrl":"https:\/\/www.multiphysics.se\/wp-content\/uploads\/2024\/09\/MultiPhysiCS_logga.png","width":1761,"height":434,"caption":"Multiphysics"},"image":{"@id":"https:\/\/www.multiphysics.se\/#\/schema\/logo\/image\/"}}]}},"_links":{"self":[{"href":"https:\/\/www.multiphysics.se\/index.php?rest_route=\/wp\/v2\/pages\/47"}],"collection":[{"href":"https:\/\/www.multiphysics.se\/index.php?rest_route=\/wp\/v2\/pages"}],"about":[{"href":"https:\/\/www.multiphysics.se\/index.php?rest_route=\/wp\/v2\/types\/page"}],"author":[{"embeddable":true,"href":"https:\/\/www.multiphysics.se\/index.php?rest_route=\/wp\/v2\/users\/1"}],"replies":[{"embeddable":true,"href":"https:\/\/www.multiphysics.se\/index.php?rest_route=%2Fwp%2Fv2%2Fcomments&post=47"}],"version-history":[{"count":6,"href":"https:\/\/www.multiphysics.se\/index.php?rest_route=\/wp\/v2\/pages\/47\/revisions"}],"predecessor-version":[{"id":172,"href":"https:\/\/www.multiphysics.se\/index.php?rest_route=\/wp\/v2\/pages\/47\/revisions\/172"}],"wp:attachment":[{"href":"https:\/\/www.multiphysics.se\/index.php?rest_route=%2Fwp%2Fv2%2Fmedia&parent=47"}],"curies":[{"name":"wp","href":"https:\/\/api.w.org\/{rel}","templated":true}]}}